 factors of 15403?
73, 211
What are the prime factors of 7375?
5, 59
List the prime factors of 16152.
2, 3, 673
List the prime factors of 23575.
5, 23, 41
What are the prime factors of 297?
3, 11
List the prime factors of 983.
983
What are the prime factors of 10365?
3, 5, 691
What are the prime factors of 36387?
3, 13, 311
List the prime factors of 2775.
3, 5, 37
List the prime factors of 77.
7, 11
List the prime factors of 1869.
3, 7, 89
List the prime factors of 186.
2, 3, 31
What are the prime factors of 15947?
37, 431
List the prime factors of 4237.
19, 223
List the prime factors of 54.
2, 3
List the prime factors of 4194.
2, 3, 233
What are the prime factors of 79389?
3, 8821
What are the prime factors of 5587?
37, 151
What are the prime factors of 874?
2, 19, 23
What are the prime factors of 39895?
5, 79, 101
List the prime factors of 33751.
33751
What are the prime factors of 7017?
3, 2339
What are the prime factors of 17095?
5, 13, 263
What are the prime factors of 1554?
2, 3, 7, 37
What are the prime factors of 5515?
5, 1103
List the prime factors of 42503.
19, 2237
What are the prime factors of 8214?
2, 3, 37
List the prime factors of 4618.
2, 2309
List the prime factors of 1368.
2, 3, 19
List the prime factors of 104.
2, 13
List the prime factors of 5470.
2, 5, 547
What are the prime factors of 5832?
2, 3
What are the prime factors of 3071?
37, 83
What are the prime factors of 9056?
2, 283
What are the prime factors of 31410?
2, 3, 5, 349
List the prime factors of 17954.
2, 47, 191
List the prime factors of 58057.
58057
List the prime factors of 3434.
2, 17, 101
What are the prime factors of 9252?
2, 3, 257
List the prime factors of 6105.
3, 5, 11, 37
What are the prime factors of 80515?
5, 16103
List the prime factors of 2057.
11, 17
List the prime factors of 10224.
2, 3, 71
What are the prime factors of 12034?
2, 11, 547
What are the prime factors of 4560?
2, 3, 5, 19
What are the prime factors of 715?
5, 11, 13
List the prime factors of 5573.
5573
What are the prime factors of 3412?
2, 853
What are the prime factors of 822?
2, 3, 137
List the prime factors of 13682.
2, 6841
List the prime factors of 3001.
3001
What are the prime factors of 30110?
2, 5, 3011
What are the prime factors of 36433?
36433
List the prime factors of 92669.
92669
What are the prime factors of 2441?
2441
What are the prime factors of 15784?
2, 1973
List the prime factors of 23822.
2, 43, 277
List the prime factors of 975.
3, 5, 13
List the prime factors of 280.
2, 5, 7
What are the prime factors of 2983?
19, 157
What are the prime factors of 14259?
3, 7, 97
What are the prime factors of 4961?
11, 41
List the prime factors of 513.
3, 19
What are the prime factors of 5962?
2, 11, 271
What are the prime factors of 4690?
2, 5, 7, 67
What are the prime factors of 1401?
3, 467
List the prime factors of 38607.
3, 17, 757
List the prime factors of 11664.
2, 3
List the prime factors of 2744.
2, 7
List the prime factors of 46872.
2, 3, 7, 31
What are the prime factors of 1341?
3, 149
List the prime factors of 125.
5
What are the prime factors of 16792?
2, 2099
List the prime factors of 54095.
5, 31, 349
List the prime factors of 3970.
2, 5, 397
What are the prime factors of 9751?
7, 199
What are the prime factors of 2131?
2131
List the prime factors of 2509.
13, 193
What are the prime factors of 710?
2, 5, 71
What are the prime factors of 2424?
2, 3, 101
What are the prime factors of 15174?
2, 3, 281
What are the prime factors of 3636?
2, 3, 101
What are the prime factors of 12497?
12497
What are the prime factors of 2365?
5, 11, 43
What are the prime factors of 4583?
4583
List the prime factors of 3589.
37, 97
What are the prime factors of 4672?
2, 73
List the prime factors of 6742.
2, 3371
What are the prime factors of 3552?
2, 3, 37
List the prime factors of 25734.
2, 3, 4289
List the prime factors of 27781.
13, 2137
What are the prime factors of 1359?
3, 151
What are the prime factors of 7098?
2, 3, 7, 13
List the prime factors of 790.
2, 5, 79
What are the prime factors of 372?
2, 3, 31
What are the prime factors of 86649?
3, 17, 1699
List the prime factors of 2051.
7, 293
What are the prime factors of 17698?
2, 8849
List the prime factors of 3925.
5, 157
List the prime factors of 39217.
39217
What are the prime factors of 3748?
2, 937
What are the prime factors of 10742?
2, 41, 131
List the prime factors of 165588.
2, 3, 13799
What are the prime factors of 48172?
2, 12043
List the prime factors of 1606.
2, 11, 73
List the prime factors of 50901.
3, 19, 47
List the prime factors of 2253.
3, 751
What are the prime factors of 12413?
12413
List the prime factors of 48.
2, 3
What are the prime factors of 2027?
2027
List the prime factors of 16281.
3, 67
List the prime factors of 28060.
2, 5, 23, 61
What are the prime factors of 27545?
5, 7, 787
What are the prime factors of 953?
953
List the prime factors of 18505.
5, 3701
What are the prime factors of 3124?
2, 11, 71
List the prime factors of 3667.
19, 193
List the prime factors of 59.
59
What are the prime factors of 3801?
3, 7, 181
List the prime factors of 2806.
2, 23, 61
List the prime factors of 2983.
19, 157
What are the prime factors of 35570?
2, 5, 3557
What are the prime factors of 1803?
3, 601
What are the prime factors of 4565?
5, 11, 83
List the prime factors of 145310.
2, 5, 11, 1321
What are the prime factors of 431?
431
What are the prime factors of 5209?
5209
What are the prime factors of 43759?
43759
What are the prime factors of 18294?
2, 3, 3049
List the prime factors of 778.
2, 389
List the prime factors of 150457.
43, 3499
What are the prime factors of 2567?
17, 151
What are the prime factors of 1980?
2, 3, 5, 11
List the prime factors of 45954.
2, 3, 23, 37
What are the prime factors of 1296?
2, 3
What are the prime factors of 10253?
10253
What are the prime factors of 14426?
2, 7213
List the prime factors of 104348.
2, 19, 1373
What are the prime factors of 2027?
2027
List the prime factors of 139.
139
List the prime factors of 6565.
5, 13, 101
What are the prime factors of 21153?
3, 11, 641
What are the prime factors of 3340?
2, 5, 167
List the prime factors of 13915.
5, 11, 23
What are the prime factors of 35138?
2, 17569
List the prime factors of 6964.
2, 1741
List the prime factors of 1629.
3, 181
List the prime factors of 41541.
3, 61, 227
List the prime factors of 38.
2, 19
List the prime factors of 440.
2, 5, 11
What are the prime factors of 6533?
47, 139
List the prime factors of 465.
3, 5, 31
List the prime factors of 7437.
3, 37, 67
What are the prime factors of 787?
787
List the prime factors of 139630.
2, 5, 13963
What are the prime factors of 35057?
11, 3187
List the prime factors of 2065.
5, 7, 59
List the prime factors of 420.
2, 3, 5, 7
What are the prime factors of 1284?
2, 3, 107
What are the prime factors of 888?
2, 3, 37
What are the prime factors of 2113?
2113
What are the prime factors of 13972?
2, 7, 499
What are the prime factors of 789?
3, 263
What are the prime factors of 33816?
2, 3, 1409
List the prime factors of 20012.
2, 5003
List the prime factors of 3782.
2, 31, 61
What are the prime factors of 911?
911
List the prime factors of 4117.
23, 179
What are the prime factors of 16583?
7, 23, 103
What are the prime factors of 4333?
7, 619
List the prime factors of 80209.
80209
What are the prime factors of 1088?
2, 17
What are the prime factors of 102091?
11, 9281
List the prime factors of 19647.
3, 37, 59
List the prime factors of 4845.
3, 5, 17, 19
List the prime factors of 18703.
59, 317
List the prime factors of 4006.
2, 2003
List the prime factors of 109419.
3, 36473
What are the prime factors of 99?
3, 11
List the prime factors of 944.
2, 59
List the prime factors of 215.
5, 43
What are the prime factors of 25208?
2, 23, 137
What are the prime factors of 4385?
5, 877
List the prime factors of 88491.
3, 13, 2269
What are the prime factors of 174386?
2, 17, 23, 223
List the prime factors of 256.
2
List the prime factors of 16208.
2, 1013
What are the prime factors of 2176?
2, 17
What are the prime factors of 2165?
5, 433
What are the prime factors of 199?
199
What are the prime factors of 261?
3, 29
List the prime factors of 4956.
2, 3, 7, 59
What are the p